or of q and n.
17
Let q = -2955 + 3219. Calculate the greatest common factor of 24 and q.
24
Let m = 3 + 33. Let w = 81 - m. Suppose 0*j - 3*r = 5*j - w, -3*j + 2*r = -46. What is the greatest common divisor of j and 132?
12
Let m(q) = q**2 + 9*q - 28. Let v be m(-26). Let b = -1249 - -1321. Calculate the greatest common divisor of v and b.
18
Let y(q) = 4*q**3 - 180*q**2 + 2*q - 53. Let c be y(45). What is the greatest common factor of c and 481?
37
Suppose -5*c = 3*d - 1150, 6*c = -3*d + 2*c + 1154. Let v(h) = h**2 - 25*h + 4. Let w be v(26). What is the highest common divisor of d and w?
30
Let o be 36/24*(-228)/(-18). Let j be (454/6 + 2)*9. Suppose -4*q = -0*l + 5*l - j, 3*q + 3*l - 522 = 0. What is the greatest common divisor of q and o?
19
Let m(v) = -196*v - 1918. Let z be m(-10). What is the greatest common factor of z and 2366?
14
Let q(r) = -247*r - 3174. Let y be q(-15). Calculate the highest common divisor of y and 9.
9
Suppose 0 = 5*w + 3*l - 1137, -18*l + 20*l = -2. What is the highest common factor of 1539 and w?
57
Suppose -2*t + 3*b + 7793 = 0, 36*b + 23444 = 6*t + 40*b. Calculate the greatest common factor of 610 and t.
122
Suppose -2*a + 6 = 2*d, 6*a - 4*d - 4 = 2*a. Suppose -4*i = -0*i - a*m - 496, 0 = -i + 4*m + 131. Calculate the greatest common divisor of 164 and i.
41
Let t = 227 + -212. Suppose 2*i = 113 + t. Calculate the highest common divisor of 24 and i.
8
Suppose 6674*n - 6667*n = 8932. What is the greatest common factor of 22 and n?
22
Suppose 0 = 4*d + 131*a - 130*a - 354, -3*d = 2*a - 258. What is the highest common divisor of d and 198?
18
Let y be (-10713)/(-2) + 129/86. Calculate the greatest common factor of 76 and y.
38
Let y = -81 - -138. Suppose 15 = -19*k + 2181. What is the highest common factor of k and y?
57
Let g(k) = -k**3 + 9*k**2 + 4*k - 11. Let j be g(7). Suppose 5*c = -0 + j. Suppose -4*p + 277 - 1 = 0. What is the highest common divisor of c and p?
23
Let y(w) be the third derivative of 7/24*w**4 + 0 + 0*w + 3*w**2 - 23/6*w**3 + 1/60*w**5. Let c be y(-11). Calculate the highest common factor of c and 21.
21
Let w(s) = 2*s + 1. Let a be w(-3). Let u(i) = 16 + 0*i**2 - 17 - 10 + i**2. Let m be u(a). What is the greatest common factor of m and 42?
14
Let s(u) be the first derivative of 3/2*u**2 + 44*u**3 - 27 + 0*u. Let j be s(1). Calculate the greatest common factor of j and 15.
15
Let k(s) = s + 13. Let r be k(-6). Let p(x) = x + 6. Let c be p(r). Let j = 1454 - 1311. Calculate the highest common divisor of j and c.
13
Suppose -5*p = -1199 - 151. Let h = 38 - 23. Let o be (-1 - -2)*-5*(-162)/h. What is the greatest common divisor of o and p?
54
Let h be (-8)/(-10)*25/10. Suppose 3*a + 2*a = -f + 282, 0 = -h*a - 2*f + 116. Calculate the highest common factor of a and 2.
2
Let i = 18111 + -18034. Calculate the highest common divisor of i and 868.
7
Let d be (-3)/(-12) + (-1314)/(-24). Suppose -65*y + d*y = -150. What is the highest common factor of y and 15?
15
Let b(o) = -69*o + 2747. Let u be b(39). Calculate the highest common factor of u and 3654.
14
Suppose 5*g - 2*g - 220 = 5*x, 4*x - 4 = 0. Suppose -8*i - g = -9*i. What is the highest common divisor of 30 and i?
15
Let a = 242 + -113. Let q(v) be the second derivative of -16*v**3/3 + 11*v**2 - 80*v. Let z be q(-2). Calculate the greatest common divisor of a and z.
43
Let h(q) = 2*q**2 - 4*q + 16. Let k be h(-7). Suppose 7*n + 37 = k. Let v(o) = 43*o + 6. Let p be v(3). What is the greatest common divisor of p and n?
15
Let p(s) = s**2 - 56*s - 1130. Let l be p(72). Calculate the highest common divisor of l and 44.
22
Let b be 28/(-42)*(-15)/10. Let l be ((-26)/(-52))/((1/b)/162). Let t be ((-3)/2)/(1/(-36)). What is the highest common divisor of t and l?
27
Suppose -41*i + 44*i = 3, -467 = -4*r - 3*i. What is the greatest common factor of r and 7076?
116
Suppose -14*j = -19*j - 1005. Let n be (j - (-12)/(-4))/(-1). Calculate the greatest common factor of 34 and n.
34
Suppose -11*z - j - 39764 = -14*z, 4*j = -2*z + 26500. Calculate the greatest common factor of 188 and z.
94
Let c(y) = 12*y + 13. Let b be c(7). Suppose b = 4*i - 7. Suppose -18 = -3*k + 3*j, -3*j - 2*j = -4*k + i. Calculate the greatest common factor of k and 32.
4
Let w be 0 - 7/((-14)/174). Let a(r) = 2*r**2 - 17*r - 8. Let m be a(11). Let o = w - m. What is the highest common factor of o and 20?
20
Let d = -56 - -52. Let o be (-1)/(-4 - 1) - d/5. Let l be (-51)/(-2)*2 - o. Calculate the highest common divisor of 20 and l.
10
Suppose 74*g - 14261 - 69160 = -19*g. Calculate the greatest common divisor of g and 690.
69
Let d(k) = 2*k**2 + 4*k - 2. Let j be d(-6). Let c = 540 - 340. Suppose -2*q = -0*i - 4*i + 192, c = 4*i - 4*q. What is the highest common factor of i and j?
46
Suppose 143*r + 5*t = 140*r + 358, 3*r - 354 = -3*t. Calculate the greatest common divisor of 1450 and r.
58
Let x(o) = -105*o - 72. Let c be x(-1). What is the highest common factor of 506 and c?
11
Let f(l) be the third derivative of l**5/60 - l**4/8 - 6*l**3 + l**2 - 14*l. Let u be f(-5). Calculate the greatest common factor of 28 and u.
4
Suppose -85*a = -27*a - 5206 - 10338. Calculate the greatest common factor of a and 201.
67
Suppose 1314 = 3*o - 3*c - 924, 3014 = 4*o + c. Calculate the highest common factor of o and 517.
47
Suppose -h - 8 = 4*f, -8*h + 4*f - 132 = -4*h. Let q = h + 37. Suppose 4*p + 140 = q*p. Calculate the greatest common factor of 112 and p.
28
Suppose 890 - 2393 - 1629 = -522*b. Calculate the highest common factor of b and 6804.
6
Let c = 565 + -521. Suppose -y - b + 43 = 2*b, 3*b = -12. Calculate the greatest common divisor of y and c.
11
Suppose -4*q + 156 = -2*z, -z - 43 = -q - 4. Let i = q + -39. Let n(j) = j**2 + 10. Let b be n(i). Calculate the highest common factor of b and 90.
10
Suppose 0 = -4*y - 2 - 6. Let j be (3 - (2 + y)) + (17 - 0). Let b be j - -1*(-9 - -4). What is the greatest common factor of 105 and b?
15
Let b = -24084 - -80824. Calculate the highest common factor of 20 and b.
20
Let a be 28 - -16 - (1 - -2). Suppose -515 - 1125 = -a*b. Calculate the highest common factor of 40 and b.
40
Let q(y) = -y**3 + 5*y**2 + 6*y + 6. Let g be q(6). Let n = 458 + -441. Let m be (n/(-17))/((-2)/4). What is the highest common divisor of m and g?
2
Suppose 8*g - 272 = -9*g. Let l(c) = 12*c**3 - 2*c**2. Let n be l(1). Let k be (-7)/(-35) - (-158)/n. Calculate the greatest common divisor of k and g.
16
Let s be 634/(-8)*(-16)/20 + (-384)/960. Calculate the greatest common factor of 1206 and s.
9
Let o(v) = -7*v**3 - 9*v**2 + 10*v + 8. Let j be o(-4). What is the highest common divisor of j and 153?
17
Let l(f) = 4*f**2 - 3*f - 13. Let y be l(8). Let h be 11/33 - (-875)/3. Calculate the greatest common divisor of y and h.
73
Let m be ((-4)/(-5))/(1/5). Suppose -27 = -m*s + s. Suppose 337 = -20*j + 1597. Calculate the greatest common divisor of j and s.
9
Let z = -26 - -41. Suppose 50*w - 17*w = -7*w + 320. Let q be (11 - w)*(-2 + z/3). What is the highest common factor of q and 99?
9
Let i(k) = -2*k**3 - 20*k**2 - 20*k - 22. Let g be i(-9). Let n be ((-21)/14)/(75/(-18) - g). What is the highest common factor of 72 and n?
9
Suppose -5*q - 5*h = -15, -4*q - 22*h = -17*h - 13. Calculate the greatest common divisor of 106 and q.
2
Suppose 213*w + 3*m - 54 = 208*w, 0 = w - 3*m - 18. What is the greatest common factor of w and 7572?
12
Let l(k) = -7*k + 99. Let h be l(9). What is the highest common factor of 1488 and h?
12
Let j be ((-4665)/12)/(46/(-552)). Calculate the greatest common factor of j and 30.
15
Suppose -4*z + 11 = b, -18 = -5*z + 3*b + 17. Suppose -z*k + 5*n = -931, 0*k = k + 4*n - 238. What is the highest common factor of 26 and k?
26
Let i = -5 - -14. Suppose 25*s = -1561 - 8839. Let o = s + 506. Calculate the greatest common factor of o and i.
9
Let b = 3262 - 3136. Calculate the greatest common divisor of b and 81.
9
Suppose 65 = 3*i + 2*r, 1 = 2*r - r. What is the greatest common factor of i and 651?
21
Let l = 221 - 219. Suppose 10*r - 7*r - l*v - 1052 = 0, -r + 346 = 4*v. Calculate the greatest common divisor of r and 35.
35
Let x be (12 + 143)/(-2*1/(-2)). Calculate the greatest common divisor of 2759 and x.
31
Let z(a) = 4*a**3 - 6*a**2 + a + 11.